{"id":1144,"date":"2015-12-09T03:13:11","date_gmt":"2015-12-09T03:13:11","guid":{"rendered":"http:\/\/espiritudelecuador.com.ec\/web\/?page_id=1144"},"modified":"2022-11-04T22:55:40","modified_gmt":"2022-11-04T22:55:40","slug":"ponche-espiritu-cafe","status":"publish","type":"page","link":"https:\/\/espiritudelecuador.com.ec\/web\/cocktails-espiritu-del-ecuador-cafe\/ponche-espiritu-cafe\/","title":{"rendered":"Ponche Esp\u00edritu Caf\u00e9"},"content":{"rendered":"<h3><strong><img loading=\"lazy\" decoding=\"async\" class=\"alignleft wp-image-1088\" src=\"https:\/\/espiritudelecuador.com.ec\/web\/wp-content\/uploads\/2015\/12\/DSC1799.jpg\" alt=\"\" width=\"500\" height=\"500\" srcset=\"https:\/\/espiritudelecuador.com.ec\/web\/wp-content\/uploads\/2015\/12\/DSC1799.jpg 600w, https:\/\/espiritudelecuador.com.ec\/web\/wp-content\/uploads\/2015\/12\/DSC1799-150x150.jpg 150w, https:\/\/espiritudelecuador.com.ec\/web\/wp-content\/uploads\/2015\/12\/DSC1799-300x300.jpg 300w\" sizes=\"(max-width:767px) 480px, 500px\" \/><\/strong><\/h3>\n<p style=\"text-align: right;\"><a href=\"https:\/\/espiritudelecuador.com.ec\/web\/?p=1095\"><span style=\"font-family: arial, helvetica, sans-serif; font-size: 6pt;\"><span style=\"color: #808080;\"><span style=\"color: #be8b2c;\">\u25c4 <\/span><span style=\"color: #808080;\">Cocktails Esp\u00edritu del Ecuador Caf\u00e9<\/span><\/span><\/span><\/a><\/p>\n<h1><span style=\"color: #000000;\">esp\u00edritu del ecuador<\/span><\/h1>\n<h3><\/h3>\n<h3>PONCHE ESP\u00cdRITU CAF\u00c9<\/h3>\n<p>\u2022 1 onz. Whisky<br \/>\n\u2022 1 1\/2 onz. Crema Esp\u00edritu del Ecuador Caf\u00e9<br \/>\n\u2022 1 Yema de huevo<br \/>\n\u2022 5 gotas Esencia de vainilla<br \/>\n\u2022 30 gr. Crema batida<\/p>\n<p>Preparar en coctelera, colar y servir en una jarro o vaso. Decorar con canela en rama y crema.<\/p>\n","protected":false},"excerpt":{"rendered":"<p>\u25c4 Cocktails Esp\u00edritu del Ecuador Caf\u00e9 esp\u00edritu del ecuador PONCHE ESP\u00cdRITU CAF\u00c9 \u2022 1 onz. Whisky \u2022 1 1\/2 onz. Crema Esp\u00edritu del Ecuador Caf\u00e9 \u2022<span class=\"excerpt-hellip\"> [\u2026]<\/span><\/p>\n","protected":false},"author":1,"featured_media":0,"parent":1095,"menu_order":0,"comment_status":"closed","ping_status":"closed","template":"","meta":{"footnotes":""},"class_list":["post-1144","page","type-page","status-publish","hentry"],"_links":{"self":[{"href":"https:\/\/espiritudelecuador.com.ec\/web\/wp-json\/wp\/v2\/pages\/1144"}],"collection":[{"href":"https:\/\/espiritudelecuador.com.ec\/web\/wp-json\/wp\/v2\/pages"}],"about":[{"href":"https:\/\/espiritudelecuador.com.ec\/web\/wp-json\/wp\/v2\/types\/page"}],"author":[{"embeddable":true,"href":"https:\/\/espiritudelecuador.com.ec\/web\/wp-json\/wp\/v2\/users\/1"}],"replies":[{"embeddable":true,"href":"https:\/\/espiritudelecuador.com.ec\/web\/wp-json\/wp\/v2\/comments?post=1144"}],"version-history":[{"count":4,"href":"https:\/\/espiritudelecuador.com.ec\/web\/wp-json\/wp\/v2\/pages\/1144\/revisions"}],"predecessor-version":[{"id":2138,"href":"https:\/\/espiritudelecuador.com.ec\/web\/wp-json\/wp\/v2\/pages\/1144\/revisions\/2138"}],"up":[{"embeddable":true,"href":"https:\/\/espiritudelecuador.com.ec\/web\/wp-json\/wp\/v2\/pages\/1095"}],"wp:attachment":[{"href":"https:\/\/espiritudelecuador.com.ec\/web\/wp-json\/wp\/v2\/media?parent=1144"}],"curies":[{"name":"wp","href":"https:\/\/api.w.org\/{rel}","templated":true}]}}