{"id":1459,"date":"2017-12-17T18:24:41","date_gmt":"2017-12-17T18:24:41","guid":{"rendered":"http:\/\/espiritudelecuador.com.ec\/web\/?page_id=1459"},"modified":"2022-11-04T23:15:10","modified_gmt":"2022-11-04T23:15:10","slug":"espiritu-chocolate-mocka-colada","status":"publish","type":"page","link":"https:\/\/espiritudelecuador.com.ec\/web\/recetario-espiritu-del-ecuador-chocolate\/espiritu-chocolate-mocka-colada\/","title":{"rendered":"Esp\u00edritu Chocolate MOCKA COLADA"},"content":{"rendered":"<h3><strong><img loading=\"lazy\" decoding=\"async\" class=\"alignleft wp-image-1406 size-full\" src=\"https:\/\/espiritudelecuador.com.ec\/web\/wp-content\/uploads\/2017\/12\/MG_5517-web.jpg\" alt=\"\" width=\"500\" height=\"500\" srcset=\"https:\/\/espiritudelecuador.com.ec\/web\/wp-content\/uploads\/2017\/12\/MG_5517-web.jpg 500w, https:\/\/espiritudelecuador.com.ec\/web\/wp-content\/uploads\/2017\/12\/MG_5517-web-150x150.jpg 150w, https:\/\/espiritudelecuador.com.ec\/web\/wp-content\/uploads\/2017\/12\/MG_5517-web-300x300.jpg 300w\" sizes=\"auto, (max-width:767px) 480px, 500px\" \/><\/strong><\/h3>\n<p style=\"text-align: right;\"><a href=\"https:\/\/espiritudelecuador.com.ec\/web\/recetario-espiritu-del-ecuador-chocolate\/\"><span style=\"font-family: arial, helvetica, sans-serif; font-size: 6pt;\"><span style=\"color: #808080;\"><span style=\"color: #be8b2c;\">\u25c4 <\/span><span style=\"color: #808080;\">Cocktails Esp\u00edritu del Ecuador Chocolate<\/span><\/span><\/span><\/a><\/p>\n<h1><span style=\"color: #000000;\">esp\u00edritu del ecuador<\/span><\/h1>\n<h3><\/h3>\n<h3>ESP\u00cdRITU CHOCOLATE&nbsp;MOCKA COLADA<\/h3>\n<p>\u2022 2 onz. Crema Esp\u00edritu del Ecuador Chocolate<br \/>\n\u2022 1 onz. Ron<br \/>\n\u2022 5 onz. Crema de coco y pi\u00f1a<br \/>\n\u2022 Hielo<\/p>\n<p>PREPARACI\u00d3N:<\/p>\n<p>Colocar los ingredientes en una coctelera, agitar y servir en una copa hurac\u00e1n, decorar con cereza.<\/p>\n<p>&nbsp;<\/p>\n","protected":false},"excerpt":{"rendered":"<p>\u25c4 Cocktails Esp\u00edritu del Ecuador Chocolate esp\u00edritu del ecuador ESP\u00cdRITU CHOCOLATE&nbsp;MOCKA COLADA \u2022 2 onz. Crema Esp\u00edritu del Ecuador Chocolate \u2022 1 onz. Ron \u2022 5<span class=\"excerpt-hellip\"> [\u2026]<\/span><\/p>\n","protected":false},"author":1,"featured_media":0,"parent":1391,"menu_order":0,"comment_status":"closed","ping_status":"closed","template":"","meta":{"footnotes":""},"class_list":["post-1459","page","type-page","status-publish","hentry"],"_links":{"self":[{"href":"https:\/\/espiritudelecuador.com.ec\/web\/wp-json\/wp\/v2\/pages\/1459","targetHints":{"allow":["GET"]}}],"collection":[{"href":"https:\/\/espiritudelecuador.com.ec\/web\/wp-json\/wp\/v2\/pages"}],"about":[{"href":"https:\/\/espiritudelecuador.com.ec\/web\/wp-json\/wp\/v2\/types\/page"}],"author":[{"embeddable":true,"href":"https:\/\/espiritudelecuador.com.ec\/web\/wp-json\/wp\/v2\/users\/1"}],"replies":[{"embeddable":true,"href":"https:\/\/espiritudelecuador.com.ec\/web\/wp-json\/wp\/v2\/comments?post=1459"}],"version-history":[{"count":8,"href":"https:\/\/espiritudelecuador.com.ec\/web\/wp-json\/wp\/v2\/pages\/1459\/revisions"}],"predecessor-version":[{"id":2154,"href":"https:\/\/espiritudelecuador.com.ec\/web\/wp-json\/wp\/v2\/pages\/1459\/revisions\/2154"}],"up":[{"embeddable":true,"href":"https:\/\/espiritudelecuador.com.ec\/web\/wp-json\/wp\/v2\/pages\/1391"}],"wp:attachment":[{"href":"https:\/\/espiritudelecuador.com.ec\/web\/wp-json\/wp\/v2\/media?parent=1459"}],"curies":[{"name":"wp","href":"https:\/\/api.w.org\/{rel}","templated":true}]}}